at are the prime factors of k?
2, 3
Suppose 4*c = -4*z + 16, 5*z + 4*c = 14 + 5. Let j = z + 1. Suppose 2*o + j = 4*a, 0*o = -o - 4*a + 10. What are the prime factors of o?
2
Suppose -5*p = -42 - 98. List the prime factors of p.
2, 7
Let o be -1 + 9 + 9/(-3). Suppose -4*n + n - 4*s = -15, -o*s - 15 = 0. List the prime factors of n.
3
Suppose 2*x = 2*u + 2, 7 + 8 = 3*x + 3*u. What are the prime factors of x?
3
What are the prime factors of (1000/32)/(1/4)?
5
Let x be ((-32)/(-24))/(2/3). Suppose -29 + 9 = -x*s. What are the prime factors of s?
2, 5
Let j(o) = 15*o - 8. Let c(h) = 23*h - 12. Let q(z) = -5*c(z) + 8*j(z). Suppose -4*f = -2 - 10. List the prime factors of q(f).
11
List the prime factors of ((-24)/(-9))/((-3)/(-54)).
2, 3
Let x(c) = -3 - 4*c**3 + 0 + 1 + 3. Let j be x(-1). Suppose 0 = 2*u - j - 5. What are the prime factors of u?
5
Let b(o) = 4*o - 1. Let y be b(1). Suppose 0 = -2*q + y*l - 1, -q - 1 = 4*l - 17. What are the prime factors of q?
2
Suppose 307 = 2*c - 235. List the prime factors of c.
271
Suppose -2*m = -n - 254, -5*m = -n - 431 - 210. What are the prime factors of m?
3, 43
List the prime factors of 0 - 188/(-12)*3.
47
Let j(x) = -4*x + 8. Let s be j(-8). Suppose 3*w + 2*w - s = 0. List the prime factors of w*-1*3/(-2).
2, 3
Suppose 0 = 7*c - 2*c. Suppose -5*g - 9 = -2*z, -4*z - 8 = -4*g - 44. Suppose 2*a = -4*w + 54, 2*w + c*a = 2*a + z. List the prime factors of w.
11
Let r be (-15)/(-12)*(0 + 4). Suppose -2*k + 30 = 4*n, r*n = -k - 4*k + 55. List the prime factors of k.
7
What are the prime factors of (-4)/14 + 3792/42?
2, 3, 5
Let n be ((-9)/(-4))/(6/(-24)). Let d = n + 15. What are the prime factors of d?
2, 3
Let f(s) be the first derivative of -2 - 2*s + 3/2*s**2. What are the prime factors of f(2)?
2
Let f = 1 - -7. Let h = f - -7. What are the prime factors of h?
3, 5
Let t be ((-17)/(-3))/(6/72). Suppose 6*v - t = 2*v. List the prime factors of v.
17
Let o = 26 - -30. What are the prime factors of o?
2, 7
Let f = 277 + -90. List the prime factors of f.
11, 17
Let i = -3 - -6. Let x(t) = i + 4 + 2*t**2 - 5. List the prime factors of x(2).
2, 5
Let h = 4 - 4. Let c = 6 + h. List the prime factors of (15/c)/5*34.
17
Let k(b) = -1 + 17 + 2*b**2 + 11*b - 3*b**2. List the prime factors of k(11).
2
Let c = 11 - 9. Suppose -2*f - 90 = -5*x + 19, -x + 29 = c*f. List the prime factors of x.
23
Let a(y) = -y**3 - 9*y**2 - 7*y + 10. Let m be a(-8). Suppose -m*p - 52 = -6*p. What are the prime factors of p?
13
Suppose -d - 13 = 3*s - 4, -3*d + 3*s = -21. Let a be ((-1)/d)/(1/(-6)). Suppose -a*b + 22 = 6. What are the prime factors of b?
2
Suppose 0 = -0*u - 5*u - 2*c + 150, -3*c = 5*u - 150. List the prime factors of u.
2, 3, 5
Let g(z) = -3*z - 4. Let b = -10 - -7. Let q be (-2 + 4 - 3) + b. List the prime factors of g(q).
2
Let t(c) be the first derivative of c**4/4 - c**2 + c + 1. Let a be t(-2). Let r = 8 + a. List the prime factors of r.
5
Let k be (-4)/(-6)*3/2. List the prime factors of 21 - (k - 0)*2.
19
Let m = 7 + -5. Suppose 3*o = 5*g + 56, -m*o - o = g - 32. What are the prime factors of o?
2, 3
Suppose -4*u - 540 = -3*n, 3*u - 540 = -n - 2*n. List the prime factors of n.
2, 3, 5
Let l = 9 + -7. Suppose 3*n - 4*w - 4 = -n, 4*n + l*w = 34. List the prime factors of n.
2, 3
Suppose -3*p = -0*p - 9. Let h = p - -2. Suppose g - 4 = -a, -3*g = -h*a + 2*a + 12. List the prime factors of a.
2
Let r = 69 + -27. Let b = r + -19. Suppose o - 6 = -j + 5, -o = -5*j - b. List the prime factors of o.
13
Let u = 1 + -2. Let v = -1 - u. Suppose v - 33 = -3*p. List the prime factors of p.
11
Suppose 3*r - 6*r = -264. What are the prime factors of r?
2, 11
Let q(h) = -h**2 + 3*h - 2. Let w be q(3). Let d be (-122)/14 + (-10)/35. List the prime factors of d/w*(2 + 0).
3
Suppose -254 = -0*m - 4*m + 2*k, 5*k + 257 = 4*m. What are the prime factors of m?
3, 7
Let j be 1/3 - (-12)/(-9). Let s be j - 4*-1 - 1. Suppose o - s - 6 = 0. What are the prime factors of o?
2
Suppose 3*c + 48 = -18. Let a = 55 + c. List the prime factors of a.
3, 11
Suppose 3*c = x + 2*x + 66, -c + 2*x = -24. List the prime factors of (-12 + c)*(-30)/(-4).
2, 3, 5
List the prime factors of (64/(-5))/(1/(-5)).
2
Let c(p) = 0 + 10 + 1 - p + 1. Let x be c(8). Suppose -4*n + 3*n + x*u + 34 = 0, 5*n - 45 = -5*u. What are the prime factors of n?
2, 7
Suppose -p = b - 15, -4*b + 5*b + 2*p - 11 = 0. What are the prime factors of b?
19
Suppose 4*y + 68 = 5*c + 236, 3*c + 82 = 2*y. List the prime factors of y.
47
Suppose a + 175 = 2*j, -2*j - 75 = -3*j + 3*a. Suppose 2*y = 4*s - j, 2 - 3 = y. What are the prime factors of s?
2, 11
Let g be ((-16)/6)/4*-48. Let o(s) = s + 8. Let a be o(11). Let c = g - a. List the prime factors of c.
13
Suppose 5*f = 3*f + 138. What are the prime factors of f?
3, 23
Let u = 68 - -6. What are the prime factors of u?
2, 37
Let y = 47 - 37. List the prime factors of y.
2, 5
Suppose -2*y = -y - 4. Suppose 2*v + 0*v - 6 = 0, -q + y*v = 0. What are the prime factors of q?
2, 3
Suppose 5 + 36 = 4*r - 3*j, 2*r + 2*j - 38 = 0. Suppose -6 + r = 2*l. List the prime factors of (7/2)/(2/l).
7
Let f(i) = i**3 + 0*i**2 + 0*i**2 - i**2. Let h be f(0). What are the prime factors of (h - 12)*2/(-6)?
2
Let b(g) = -g**3 - 6*g**2 - 3*g - 8. Let s = 14 - 20. List the prime factors of b(s).
2, 5
Let o(t) = 4*t + 7. What are the prime factors of o(9)?
43
Let i(u) = -u + 2. Let p be i(7). Let c be (3/2)/((-3)/(-18)). Let g = p + c. List the prime factors of g.
2
Let f = -73 - -37. Let j = f - -54. What are the prime factors of j?
2, 3
Suppose -4*h = 4*j - 424, -j + h = -0*j - 102. What are the prime factors of j?
2, 13
Let i(r) = -r - 5*r**2 + 1 + 0*r + 8*r**2. Suppose -3*t - 5*b - 1 = t, -2 = -3*t - b. List the prime factors of i(t).
3
Suppose 2*y = 123 + 11. List the prime factors of y.
67
What are the prime factors of (30 - (1 + -1)) + -2?
2, 7
Let g = 95 + -67. What are the prime factors of g?
2, 7
Suppose -2*k = -5 - 9. Suppose 0*b + 4*b = 3*v + 19, 2*b = v + k. Let l(j) = -j**3 - 4*j**2 + 3*j - 5. List the prime factors of l(v).
5
Let c = 41 - 6. List the prime factors of c.
5, 7
Suppose -3*k - k = -4*d + 16, -5*k - d = -4. List the prime factors of (-1)/(k + 3/(-18)).
2, 3
Let u be 2/6*1*-3. Let d = u - -7. List the prime factors of d.
2, 3
List the prime factors of (-8)/(-4) - -27*1.
29
Let l(c) = -c**2 - 29*c + 67. List the prime factors of l(-23).
5, 41
Let o(a) = a + 1. Suppose 14 = 3*u - 4. List the prime factors of o(u).
7
List the prime factors of 6/(-33) + ((-6870)/(-33) - -3).
211
Let i = 0 + 12. What are the prime factors of i?
2, 3
Let h be 23 - (-3 + (-15)/(-3)). What are the prime factors of 2/3*h - -3?
17
Suppose 0 = d - 4*d + 45. Let z be (-3)/(2 + 1)*-25. Let a = z - d. List the prime factors of a.
2, 5
Let i = -201 + 459. What are the prime factors of i?
2, 3, 43
Let m = 6 + -6. Suppose -p - 2*l + 1 + 1 = m, 3*p - 5*l - 17 = 0. What are the prime factors of p?
2
What are the prime factors of (-10 + -1)*-5 + 5?
2, 3, 5
Let t(o) = -o**3 + 10*o**2 - 6*o - 1. Let n be t(8). Suppose 29 = 3*j - n. List the prime factors of j.
2, 3
Suppose 234 = 3*x - 2*d, 4*x + 5*d - 2*d - 329 = 0. List the prime factors of x.
2, 5
Let q = 79 + -5. List the prime factors of q.
2, 37
Let p(f) = -f**2 + 7*f + 10. Let d(a) = a**3 + 5*a**2 + a - 4. Let v be d(-4). What are the prime factors of p(v)?
2
Let s(t) = 3*t - 8. Let z be s(10). Suppose c + 42 = 3*f - z, -2*f = -3*c - 52. Let i = f + -8. What are the prime factors of i?
2, 3
Let f = -97 + 157. What are the prime factors of f?
2, 3, 5
List the prime factors of 4*(-230)/(-12) + (-34)/51.
2, 19
Let s(p) = -16*p - 64. List the prime factors of s(-15).
2, 11
Suppose -16*z + 2688 = -2*z. What are the prime factors of z?
2, 3
List the prime factors of (-1)/(-3 - -301*8/804).
3, 67
Suppose 5*h + 5*y = 0, -3*h = -2*y - 2*y. Suppose h = -5*c - 4*n + 30, -10 = c + n + 3*n. Suppose -2*g - 4*r + 13 = 3, 5*r = -c. List the prime factors of g.
3
Let b(a) = -a**3 + 6*a**2 + 4*a + 8. Suppose i - 4*k - 10 = 0, 2*i - 2*k - 3*k = 17. List the prime factors of b(i).
2
Let d = -103 + 111. List the prime factors of d.
2
Let j be ((-6)/4)/(3/32). Let x = j - -45. List the prime factors of x.
29
Suppose u = 5*x + 80 + 41, 31